-b**3 + 10*b**2 - 22*b - 85. What is l(-2)?
7
Let w(o) = -o**3 + 5*o**2 + 10*o - 53. Determine w(3).
-5
Let p(t) = t**3 - 35*t**2 - 115*t + 18. Calculate p(38).
-20
Let z(o) = 38*o**2 + 2086*o - 226. Calculate z(-55).
-6
Let p(g) = 9*g**2 + 17. Calculate p(0).
17
Let l(j) = 100*j - 351. Determine l(5).
149
Let j(n) = -4*n**2 - 124*n + 245. Determine j(2).
-19
Let z(w) = 1515*w + 18201. Determine z(-12).
21
Let r(b) = -2*b**2 + 143*b + 1473. Calculate r(-9).
24
Let j(q) = 2*q**3 + 13*q**2 - 13*q - 14. What is j(-8)?
-102
Let j(n) = 2*n**3 + 49*n**2 - 20*n - 22. What is j(-25)?
-147
Let o(y) = -3*y**2 - 6*y + 79. What is o(9)?
-218
Let k(r) = -2564*r + 23077. Determine k(9).
1
Let o(n) = 20*n + 1588. Give o(-80).
-12
Let i(p) = -11*p - 381. Calculate i(-8).
-293
Let r(m) = -m**3 - 6*m + 33. Calculate r(4).
-55
Let g(q) = -14*q**2 - 429*q + 435. Determine g(1).
-8
Let s(j) = -7*j**2 + 43*j - 18. Calculate s(7).
-60
Let q(c) = 2*c**3 + 14*c**2 - 28*c - 202. Determine q(-7).
-6
Let t(o) = -3*o**3 + 5*o**2 + 6*o - 70. Calculate t(6).
-502
Let h(u) = -u**3 - 12*u**2 + 47*u + 54. Determine h(4).
-14
Let w(d) = -370*d**2 - 5177*d + 49. Calculate w(-14).
7
Let w(c) = 700*c - 37097. Calculate w(53).
3
Let f(b) = -23*b**3 + 2*b**2 - 2*b - 2. Determine f(1).
-25
Let j(u) = 6*u**2 - 3*u - 18. Calculate j(-5).
147
Let b(u) = 226*u - 1778. Give b(8).
30
Let s(l) = l**3 - 4*l**2 - 19*l - 39. Give s(-6).
-285
Let m(u) = 12*u - 339. Give m(22).
-75
Let t(i) = -28*i - 224. Calculate t(-5).
-84
Let j(y) = y**3 + 22*y**2 + 45*y + 109. What is j(-20)?
9
Let l(f) = -4*f**2 - 115*f + 240. Give l(2).
-6
Let h(c) = -c**2 - 25*c - 62. Give h(-22).
4
Let j(x) = 2*x**3 - 65*x**2 - 33*x - 71. Determine j(33).
-71
Let g(f) = -f**3 + 2*f**2 - 88*f + 648. Determine g(6).
-24
Let j(k) = 21*k - 12. Give j(3).
51
Let b(q) = -4*q**2 + 108*q - 672. Give b(6).
-168
Let q(m) = -3*m**3 + 2*m**2 - 18*m + 69. Give q(4).
-163
Let k(u) = -u**3 - 9*u**2 - 10*u + 11. What is k(-3)?
-13
Let q(u) = -u**3 - 7*u**2 - 8*u - 14. What is q(-6)?
-2
Let d(b) = 2*b**2 - 56*b - 240. What is d(32)?
16
Let x(z) = -z**3 - 43*z**2 + 3*z - 42. Give x(-43).
-171
Let p(w) = -5*w - 184. Determine p(34).
-354
Let d(a) = 41*a + 6288. Determine d(-153).
15
Let u(w) = -13*w**3 + 169*w**2 + 4*w - 46. Determine u(13).
6
Let w(j) = 63*j**3 + 3*j**2 - j - 3. Give w(1).
62
Let t(n) = -n**3 + 92*n**2 + 93*n + 6. Calculate t(93).
6
Let j(m) = 97*m + 6010. What is j(-62)?
-4
Let r(q) = -165*q**3 - 2*q**2 - 4*q - 2. What is r(-1)?
165
Let l(c) = -6*c**2 - 220*c - 152. Give l(-36).
-8
Let u(h) = -743*h + 13348. Determine u(18).
-26
Let m(j) = j**2 - 3152*j + 5. Give m(0).
5
Let s(n) = 61*n + 133. Determine s(-2).
11
Let k(n) = 2543*n - 38148. What is k(15)?
-3
Let o(i) = -68*i**2 - 40*i - 7. Calculate o(-1).
-35
Let n(b) = -b**2 + 41*b - 373. Give n(11).
-43
Let q(i) = i**3 + 7*i**2 - 3*i + 41. Calculate q(-8).
1
Let o(y) = 445*y - 4011. Calculate o(9).
-6
Let o(t) = t**3 + 11*t**2 - 20*t - 105. Give o(-9).
237
Let z(i) = 12*i + 96. Calculate z(-9).
-12
Let d(i) = -2*i**2 + 12*i - 24. What is d(13)?
-206
Let r(m) = -m**3 + 16*m**2 - 27*m - 2. What is r(15)?
-182
Let r(j) = -j**2 - 108*j - 1116. What is r(-11)?
-49
Let u(d) = 2*d**2 + 25*d - 23. Give u(-12).
-35
Let q(c) = -c**2 - 56*c - 691. Give q(-19).
12
Let f(r) = 322*r**2 + 338*r + 16. Determine f(-1).
0
Let k(d) = -31*d + 3497. Calculate k(113).
-6
Let z(a) = 624*a + 9979. Determine z(-16).
-5
Let k(m) = m**2 + 35*m - 632. Calculate k(13).
-8
Let a(n) = -148*n**2 - 433*n + 26. Calculate a(-3).
-7
Let j(i) = i**3 + 5*i**2 - 284*i - 2072. Determine j(-8).
8
Let b(d) = -86*d + 4462. Calculate b(52).
-10
Let g(f) = 8*f**3 - 169*f**2 - 5*f - 26. Give g(21).
-572
Let w(h) = 3*h**3 - 85*h**2 - 60*h + 68. What is w(29)?
10
Let v(j) = -2*j**2 + 52*j - 62. Give v(27).
-116
Let o(x) = -29*x + 868. Calculate o(31).
-31
Let u(t) = t**3 + 16*t**2 + 714*t + 9612. Calculate u(-14).
8
Let q(p) = -1170*p - 5916. Give q(-5).
-66
Let y(h) = -h**3 - 78*h**2 + 163*h + 321. What is y(-80)?
81
Let p(o) = 305*o - 669. Give p(2).
-59
Let h(q) = 103*q + 630. Give h(-6).
12
Let y(j) = 53*j**2 - 5670*j - 134. What is y(107)?
-27
Let u(p) = -64*p + 7299. What is u(114)?
3
Let h(i) = -i**2 + 15*i + 25. Determine h(18).
-29
Let b(h) = -h**3 - 59*h**2 + 18*h + 1142. What is b(-59)?
80
Let a(q) = 1581*q - 58492. Determine a(37).
5
Let g(y) = -29*y**3 + y**2 + 7*y + 2. Determine g(-2).
224
Let b(c) = 90*c + 2331. Give b(-26).
-9
Let a(l) = -l - 45. Determine a(-13).
-32
Let j(o) = -o**2 + o + 137. Give j(10).
47
Let t(z) = -2770*z + 47109. Determine t(17).
19
Let j(g) = -15*g - 868. Determine j(-52).
-88
Let w(n) = n**3 - 80*n**2 + 148*n + 631. What is w(78)?
7
Let r(x) = -2*x**3 - 8*x**2 - 3*x - 17. Give r(-4).
-5
Let b(w) = w**3 + 11*w**2 - 6*w - 28. Give b(-13).
-288
Let t(q) = -q**2 + 12*q + 43. What is t(-3)?
-2
Let n(j) = -6*j**2 + 72*j - 20. Calculate n(11).
46
Let y(z) = -1608*z + 29. Calculate y(0).
29
Let f(k) = 1507*k + 13572. Determine f(-9).
9
Let n(x) = -x**2 + 137*x + 2583. Give n(-17).
-35
Let j(b) = b**3 + 5*b**2 + 2*b + 39. Calculate j(0).
39
Let t(u) = -124*u - 349. What is t(8)?
-1341
Let q(l) = -l**2 - 16*l - 25. Determine q(-12).
23
Let c(a) = -a**2 + 6827*a - 34115. Give c(5).
-5
Let i(u) = u**2 - 60*u + 231. What is i(5)?
-44
Let d(q) = -18*q**3 + 108*q**2 - 14*q + 88. Determine d(6).
4
Let z(v) = 3*v**2 - 195*v - 459. What is z(67)?
-57
Let v(w) = w**2 + 23*w + 22. Calculate v(-1).
0
Let p(y) = -y**3 + 4*y**2 - 4*y + 17. Determine p(4).
1
Let s(y) = 154*y + 8947. Give s(-58).
15
Let r(s) = 44*s - 1665. Determine r(38).
7
Let f(u) = -199*u + 33828. What is f(170)?
-2
Let b(v) = -v**3 + 28*v**2 - 126*v - 45. Give b(6).
-9
Let l(b) = 41*b**3 - 166*b**2 + 8*b - 3. Calculate l(4).
-3
Let j(t) = -2*t**3 - 93*t**2 - 39*t + 60. What is j(-46)?
-262
Let q(a) = a**2 - 35. Determine q(-11).
86
Let v(d) = -50*d + 1605. Determine v(30).
105
Let y(c) = 3*c**2 + 170*c - 4130. What is y(-75)?
-5
Let z(o) = -27*o**3 - 5*o**2 + 10*o - 10. What is z(2)?
-226
Let l(x) = 602*x + 4196. Determine l(-7).
-18
Let c(a) = -3*a**3 - 48*a**2 - 31*a + 214. What is c(-15)?
4
Let d(y) = -y**2 - 57*y - 449. Determine d(-52).
-189
Let j(v) = v**2 - 17*v + 74. Calculate j(6).
8
Let g(i) = -952*i + 51364. Determine g(54).
-44
Let b(x) = -8*x**2 - 6*x - 8. What is b(5)?
-238
Let k(o) = -3*o - 89. Determine k(7).
-110
Let n(o) = 2*o**2 + 8*o + 87. What is n(-7)?
129
Let b(l) = l**3 - 5*l**2 - 3*l + 9. Calculate b(-5).
-226
Let i(h) = 12929*h + 51709. Give i(-4).
-7
Let y(t) = -t**2 - 205*t - 9027. Determine y(-64).
-3
Let h(y) = 46*y - 2655. What is h(60)?
105
Let d(h) = 153*h + 5196. Determine d(-34).
-6
Let i(k) = -678*k - 2750. Give i(-4).
-38
Let c(f) = 31*f - 201. Give c(7).
16
Let g(v) = 13*v + 418. Give g(-37).
-63
Let d(l) = -l**3 + 178*l**2 - 1829*l - 77. Determine d(11).
11
Let n(f) = -f**3 + 12*f**2 - 9*f + 23. Give n(11).
45
Let k(f) = 4*f**2 + 11*f - 28. Determine k(7).
245
Let x(b) = -2118*b - 27528. Give x(-13).
6
Let t(d) = 2*d**3 + 69*d**2 - 112*d - 26. Give t(-36).
118
Let k(p) = 14*p**2 - 199*p + 38. Calculate k(14).
-4
Let i(n) = 48*n**2 - 240*n - 18. What is i(5)?
-18
Let m(b) = -b**3 + 6*b**2 + 4*b + 11. Calculate m(4).
59
Let x(g) = -g**2 - 20*g - 50. What is x(-15)?
25
Let v(m) = -25*m + 2376. Determine v(72).
576
Let x(t) = -8*t**2 + 229*t + 84. Calculate x(29).
-3
Let c(k) = 91*k + 187. Calculate c(1).
278
Let u(b) = -47*b - 180. Determine u(0).
-180
Let w(d) = -29*d - 747. What is w(-5)?
-602
Let u(g) = 64*g**3 - 2943*g**2 - 45*g - 40. Determine u(46).
6
Let p(l) = 5*l**2 - 16*l - 30. What is p(-2)?
22
Let s(j) = -j**3 + 7*j**2 + 30*j - 148. Give s(8).
28
Let s(z) = -3*z**2 - 3*z - 5. Calculate s(-5).
-65
Let w(y) = -y**3 - 74*y**2 + 932*y - 254. Determine w(-85).
1
Let h(l) = -2*l**3 + 24*l**2 + 6*l + 43. Determine h(13).
-217
Let v(u) = -u**3 - 11*u**2 - 73*u - 1370. Calculate v(-13).
-83
Let t(d) = 6*d**2 - 7*d - 151. Determine t(5).
-36
Let x(r) = -r**3 - 3*r**2 + 3*r - 1. Give x(-3).
-10
Let z(u) = -u**3 + u**2 + 37*u - 91. Determine z(2).
-21
Let o(s) = -4*s**2 + 194*s - 115. Determine o(48).
-19
Let o(x) = x**3 + 85*x**2 + 171*x + 197. Determine o(-83).
-218
Let r(h) = 363*h 